 20856.
2, 3, 11, 79
List the prime factors of 9881.
41, 241
List the prime factors of 2259.
3, 251
What are the prime factors of 8247?
3, 2749
What are the prime factors of 479?
479
What are the prime factors of 1422?
2, 3, 79
What are the prime factors of 353?
353
List the prime factors of 20774.
2, 13, 17, 47
What are the prime factors of 28010?
2, 5, 2801
What are the prime factors of 43244?
2, 19, 569
What are the prime factors of 292?
2, 73
What are the prime factors of 423?
3, 47
What are the prime factors of 1239?
3, 7, 59
List the prime factors of 1129.
1129
List the prime factors of 3241.
7, 463
List the prime factors of 31088.
2, 29, 67
List the prime factors of 39471.
3, 59, 223
List the prime factors of 23195.
5, 4639
What are the prime factors of 2227?
17, 131
What are the prime factors of 1017?
3, 113
What are the prime factors of 976?
2, 61
What are the prime factors of 11185?
5, 2237
What are the prime factors of 11486?
2, 5743
What are the prime factors of 70883?
73, 971
What are the prime factors of 5086?
2, 2543
List the prime factors of 13836.
2, 3, 1153
List the prime factors of 39.
3, 13
What are the prime factors of 16745?
5, 17, 197
List the prime factors of 5628.
2, 3, 7, 67
What are the prime factors of 1739?
37, 47
List the prime factors of 2732.
2, 683
List the prime factors of 1217.
1217
List the prime factors of 332.
2, 83
What are the prime factors of 3708?
2, 3, 103
What are the prime factors of 1586?
2, 13, 61
What are the prime factors of 5838?
2, 3, 7, 139
What are the prime factors of 72?
2, 3
What are the prime factors of 2969?
2969
What are the prime factors of 46175?
5, 1847
What are the prime factors of 2513?
7, 359
What are the prime factors of 16315?
5, 13, 251
List the prime factors of 6445.
5, 1289
List the prime factors of 1095.
3, 5, 73
What are the prime factors of 899?
29, 31
List the prime factors of 12119.
12119
List the prime factors of 80888.
2, 10111
What are the prime factors of 18541?
18541
List the prime factors of 116281.
11, 31
What are the prime factors of 38412?
2, 3, 11, 97
List the prime factors of 144411.
3, 37, 1301
What are the prime factors of 769?
769
List the prime factors of 1209.
3, 13, 31
List the prime factors of 608.
2, 19
What are the prime factors of 763?
7, 109
List the prime factors of 361.
19
List the prime factors of 62228.
2, 47, 331
List the prime factors of 5207.
41, 127
What are the prime factors of 58229?
58229
What are the prime factors of 3501?
3, 389
List the prime factors of 20688.
2, 3, 431
What are the prime factors of 3936?
2, 3, 41
What are the prime factors of 4748?
2, 1187
List the prime factors of 4034.
2, 2017
List the prime factors of 7662.
2, 3, 1277
What are the prime factors of 1447?
1447
What are the prime factors of 3649?
41, 89
List the prime factors of 20984.
2, 43, 61
What are the prime factors of 2454?
2, 3, 409
List the prime factors of 31778.
2, 15889
List the prime factors of 5010.
2, 3, 5, 167
List the prime factors of 33772.
2, 8443
What are the prime factors of 700?
2, 5, 7
What are the prime factors of 4787?
4787
What are the prime factors of 21807?
3, 2423
List the prime factors of 1718.
2, 859
What are the prime factors of 17163?
3, 1907
What are the prime factors of 643?
643
What are the prime factors of 891?
3, 11
List the prime factors of 2421.
3, 269
List the prime factors of 165.
3, 5, 11
What are the prime factors of 1143?
3, 127
What are the prime factors of 4570?
2, 5, 457
List the prime factors of 9082.
2, 19, 239
List the prime factors of 469.
7, 67
List the prime factors of 57244.
2, 11, 1301
What are the prime factors of 63969?
3, 21323
List the prime factors of 208.
2, 13
List the prime factors of 68650.
2, 5, 1373
What are the prime factors of 7591?
7591
List the prime factors of 5688.
2, 3, 79
List the prime factors of 10692.
2, 3, 11
What are the prime factors of 112347?
3, 19, 73
What are the prime factors of 4609?
11, 419
What are the prime factors of 548?
2, 137
What are the prime factors of 2349?
3, 29
What are the prime factors of 64757?
7, 11, 29
What are the prime factors of 6409?
13, 17, 29
What are the prime factors of 1937?
13, 149
List the prime factors of 15683.
15683
What are the prime factors of 6094?
2, 11, 277
List the prime factors of 10235.
5, 23, 89
List the prime factors of 4470.
2, 3, 5, 149
List the prime factors of 51992.
2, 67, 97
List the prime factors of 17945.
5, 37, 97
What are the prime factors of 551?
19, 29
What are the prime factors of 970?
2, 5, 97
What are the prime factors of 5277?
3, 1759
What are the prime factors of 57683?
37, 1559
What are the prime factors of 3728?
2, 233
What are the prime factors of 10281?
3, 23, 149
List the prime factors of 1124.
2, 281
What are the prime factors of 1882?
2, 941
What are the prime factors of 873?
3, 97
List the prime factors of 122805.
3, 5, 2729
List the prime factors of 24656.
2, 23, 67
What are the prime factors of 438?
2, 3, 73
What are the prime factors of 5288?
2, 661
What are the prime factors of 418?
2, 11, 19
List the prime factors of 749.
7, 107
What are the prime factors of 538?
2, 269
What are the prime factors of 19054?
2, 7, 1361
What are the prime factors of 171627?
3, 19, 3011
What are the prime factors of 10657?
10657
What are the prime factors of 2454?
2, 3, 409
What are the prime factors of 4030?
2, 5, 13, 31
List the prime factors of 8665.
5, 1733
What are the prime factors of 17208?
2, 3, 239
What are the prime factors of 1170?
2, 3, 5, 13
What are the prime factors of 29377?
29, 1013
List the prime factors of 2804.
2, 701
What are the prime factors of 3923?
3923
What are the prime factors of 180548?
2, 45137
What are the prime factors of 639?
3, 71
List the prime factors of 1319.
1319
List the prime factors of 144.
2, 3
List the prime factors of 433.
433
What are the prime factors of 105?
3, 5, 7
What are the prime factors of 4263?
3, 7, 29
List the prime factors of 23006.
2, 11503
List the prime factors of 22402.
2, 23, 487
List the prime factors of 98759.
61, 1619
List the prime factors of 8781.
3, 2927
List the prime factors of 1802.
2, 17, 53
What are the prime factors of 42599?
41, 1039
List the prime factors of 428.
2, 107
What are the prime factors of 47418?
2, 3, 7, 1129
What are the prime factors of 4750?
2, 5, 19
List the prime factors of 2707.
2707
What are the prime factors of 2196?
2, 3, 61
List the prime factors of 10545.
3, 5, 19, 37
List the prime factors of 20364.
2, 3, 1697
What are the prime factors of 5301?
3, 19, 31
What are the prime factors of 1198?
2, 599
List the prime factors of 3299.
3299
What are the prime factors of 46339?
149, 311
List the prime factors of 147584.
2, 1153
List the prime factors of 1049.
1049
List the prime factors of 51936.
2, 3, 541
List the prime factors of 3253.
3253
List the prime factors of 289.
17
What are the prime factors of 126673?
19, 59, 113
What are the prime factors of 2149?
7, 307
What are the prime factors of 33139?
31, 1069
List the prime factors of 1905.
3, 5, 127
List the prime factors of 10516.
2, 11, 239
List the prime factors of 1084.
2, 271
What are the prime factors of 1000?
2, 5
What are the prime factors of 46871?
11, 4261
List the prime factors of 595.
5, 7, 17
What are the prime factors of 41663?
61, 683
List the prime factors of 197984.
2, 23, 269
What are the prime factors of 80820?
2, 3, 5, 449
What are the prime factors of 12122?
2, 11, 19, 29
What are the prime factors of 132747?
3, 44249
List the prime factors of 6659.
6659
List the prime factors of 72264.
2, 3, 3011
List the prime factors of 658.
2, 7, 47
What are the prime factors of 91973?
7, 1877
List the prime factors of 4074.
2, 3, 7, 97
What are the prime factors of 5997?
3, 1999
What are the prime factors of 9825?
3, 5, 131
What are the prime factors of 1652?
2, 7, 59
What are the prime factors of 23431?
23431
What are the prime factors of 1560?
2, 3, 5, 13
What are the prime factors of 2113?
2113
List the prime factors of 1330.
2, 5, 7, 19
List the prime factors of 1910.
2, 5, 191
What are the prime factors of 5339?
19, 281
List the prime factors of 121921.
121921
List the prime factors of 2636.
2, 659
What are the prime factors of 170653?
7, 24379
What are the prime factor